{"id":3627,"date":"2025-07-21T16:42:44","date_gmt":"2025-07-21T16:42:44","guid":{"rendered":"https:\/\/www.monzacamper.it\/shop\/prodotto\/piastra-ad-induzione-hot-point-induction-ction\/"},"modified":"2026-05-10T01:37:29","modified_gmt":"2026-05-10T00:37:29","slug":"piastra-ad-induzione-hot-point-induction-ction","status":"publish","type":"product","link":"https:\/\/www.monzacamper.it\/shop\/prodotto\/piastra-ad-induzione-hot-point-induction-ction\/","title":{"rendered":"Piastra ad induzione Hot Point Induction ction"},"content":{"rendered":"<p>La Piastra ad induzione Hot Point Induction BRUNNER \u00e8 una soluzione moderna per la cucina in mobilit\u00e0. Ideale per camper, caravan e tende attrezzate, offre un metodo di cottura rapido, controllato e sicuro. \u00c8 l&#8217;accessorio perfetto per chi cerca praticit\u00e0 e prestazioni elevate durante le avventure all&#8217;aria aperta.<\/p>\n<p><p><em>Scopri anche: <a href=\"https:\/\/www.monzacamper.it\/shop\/categoria-prodotto\/outdoor\/\">OUTDOOR<\/a>, <a href=\"https:\/\/www.monzacamper.it\/shop\/prodotto\/sedia-aravel-vitachic-medium-antracite\/\">Sedia Aravel Vitachic MEDIUM (antracite)<\/a>, <a href=\"https:\/\/www.monzacamper.it\/shop\/prodotto\/midday-set-dolomit-white-12pz\/\">Midday Set Dolomit White (12pz)<\/a>.<\/em><\/p>\n","protected":false},"excerpt":{"rendered":"<p>La Piastra ad induzione Hot Point Induction BRUNNER \u00e8 una soluzione moderna per la cucina in mobilit\u00e0. Ideale per camper, caravan e tende attrezzate, offre un metodo di cottura rapido, controllato e sicuro. \u00c8 l&#8217;accessorio perfetto per chi cerca praticit\u00e0 e prestazioni elevate durante le avventure all&#8217;aria aperta. Scopri anche: OUTDOOR, Sedia Aravel Vitachic MEDIUM [&hellip;]<\/p>\n","protected":false},"featured_media":4394,"template":"","meta":[],"product_brand":[587],"product_cat":[41],"product_tag":[],"class_list":{"0":"post-3627","1":"product","2":"type-product","3":"status-publish","4":"has-post-thumbnail","6":"product_brand-brunner","7":"product_cat-outdoor","9":"first","10":"outofstock","11":"taxable","12":"shipping-taxable","13":"purchasable","14":"product-type-simple"},"_links":{"self":[{"href":"https:\/\/www.monzacamper.it\/shop\/wp-json\/wp\/v2\/product\/3627","targetHints":{"allow":["GET"]}}],"collection":[{"href":"https:\/\/www.monzacamper.it\/shop\/wp-json\/wp\/v2\/product"}],"about":[{"href":"https:\/\/www.monzacamper.it\/shop\/wp-json\/wp\/v2\/types\/product"}],"wp:featuredmedia":[{"embeddable":true,"href":"https:\/\/www.monzacamper.it\/shop\/wp-json\/wp\/v2\/media\/4394"}],"wp:attachment":[{"href":"https:\/\/www.monzacamper.it\/shop\/wp-json\/wp\/v2\/media?parent=3627"}],"wp:term":[{"taxonomy":"product_brand","embeddable":true,"href":"https:\/\/www.monzacamper.it\/shop\/wp-json\/wp\/v2\/product_brand?post=3627"},{"taxonomy":"product_cat","embeddable":true,"href":"https:\/\/www.monzacamper.it\/shop\/wp-json\/wp\/v2\/product_cat?post=3627"},{"taxonomy":"product_tag","embeddable":true,"href":"https:\/\/www.monzacamper.it\/shop\/wp-json\/wp\/v2\/product_tag?post=3627"}],"curies":[{"name":"wp","href":"https:\/\/api.w.org\/{rel}","templated":true}]}}