{"id":2384,"date":"2025-07-15T08:29:19","date_gmt":"2025-07-15T08:29:19","guid":{"rendered":"https:\/\/www.monzacamper.it\/shop\/prodotto\/tavoli-pieghevoli-gap-less-grigio-6-persone\/"},"modified":"2026-05-10T01:37:39","modified_gmt":"2026-05-10T00:37:39","slug":"tavoli-pieghevoli-gap-less-grigio-6-persone","status":"publish","type":"product","link":"https:\/\/www.monzacamper.it\/shop\/prodotto\/tavoli-pieghevoli-gap-less-grigio-6-persone\/","title":{"rendered":"Tavoli pieghevoli Gap Less Grigio 6 persone"},"content":{"rendered":"<p>Il Tavolo pieghevole Gap Less Grigio 6 persone \u00e8 un accessorio fondamentale per chi viaggia in camper, caravan o tenda. Progettato per offrire una superficie d&#8217;appoggio stabile e funzionale, si integra perfettamente nell&#8217;equipaggiamento da viaggio. Il suo design pieghevole ottimizza<\/p>\n<p><em>Scopri anche: <a href=\"https:\/\/www.monzacamper.it\/shop\/categoria-prodotto\/tabelle\/\">Tabelle<\/a>, <a href=\"https:\/\/www.monzacamper.it\/shop\/prodotto\/tavolo-amica-4-persone\/\">Tavolo Amica 4 persone<\/a>, <a href=\"https:\/\/www.monzacamper.it\/shop\/prodotto\/tavolo-allegria-4-persone\/\">Tavolo All\u00e9gria 4 persone<\/a>.<\/em><\/p>\n","protected":false},"excerpt":{"rendered":"<p>Tavoli con struttura pieghevole e piano con doghe in alluminio avvolgibili. Il sistema di cremagliera &#8220;Gap Less&#8221; assicura che ogni doga sia tenuta perfettamente in posizione, dando al piano del tavolo una stabilit\u00e0 perfetta. Il rinforzo centrale conferisce al telaio pieghevole una maggiore stabilit\u00e0. quarta gamba regolabile in altezza per compensare le irregolarit\u00e0 del terreno. Facile da montare e smontare.<\/p>\n","protected":false},"featured_media":3033,"template":"","meta":[],"product_brand":[563],"product_cat":[409],"product_tag":[],"class_list":{"0":"post-2384","1":"product","2":"type-product","3":"status-publish","4":"has-post-thumbnail","6":"product_brand-midland","7":"product_cat-tabelle","8":"product_shipping_class-pacchi-pesanti-piu-2kg","10":"first","11":"instock","12":"taxable","13":"shipping-taxable","14":"purchasable","15":"product-type-simple"},"_links":{"self":[{"href":"https:\/\/www.monzacamper.it\/shop\/wp-json\/wp\/v2\/product\/2384","targetHints":{"allow":["GET"]}}],"collection":[{"href":"https:\/\/www.monzacamper.it\/shop\/wp-json\/wp\/v2\/product"}],"about":[{"href":"https:\/\/www.monzacamper.it\/shop\/wp-json\/wp\/v2\/types\/product"}],"wp:featuredmedia":[{"embeddable":true,"href":"https:\/\/www.monzacamper.it\/shop\/wp-json\/wp\/v2\/media\/3033"}],"wp:attachment":[{"href":"https:\/\/www.monzacamper.it\/shop\/wp-json\/wp\/v2\/media?parent=2384"}],"wp:term":[{"taxonomy":"product_brand","embeddable":true,"href":"https:\/\/www.monzacamper.it\/shop\/wp-json\/wp\/v2\/product_brand?post=2384"},{"taxonomy":"product_cat","embeddable":true,"href":"https:\/\/www.monzacamper.it\/shop\/wp-json\/wp\/v2\/product_cat?post=2384"},{"taxonomy":"product_tag","embeddable":true,"href":"https:\/\/www.monzacamper.it\/shop\/wp-json\/wp\/v2\/product_tag?post=2384"}],"curies":[{"name":"wp","href":"https:\/\/api.w.org\/{rel}","templated":true}]}}