{"id":2367,"date":"2025-07-15T08:29:15","date_gmt":"2025-07-15T08:29:15","guid":{"rendered":"https:\/\/www.monzacamper.it\/shop\/prodotto\/poltrona-director-xl-cuba\/"},"modified":"2026-05-10T01:37:39","modified_gmt":"2026-05-10T00:37:39","slug":"poltrona-director-xl-cuba","status":"publish","type":"product","link":"https:\/\/www.monzacamper.it\/shop\/prodotto\/poltrona-director-xl-cuba\/","title":{"rendered":"SEDIA SOPLAIR CUBA NERA"},"content":{"rendered":"<p>La SEDIA SOPLAIR CUBA NERA \u00e8 la soluzione ideale per chi cerca comfort e praticit\u00e0 nelle avventure all&#8217;aperto. Pensata per campeggio, caravan e camper, questa sedia pieghevole si adatta a diverse esigenze. Dalla sosta in piazzola al relax in natura, offre un equilibrio tra funzionalit\u00e0 e design,<\/p>\n<p><em>Scopri anche: <a href=\"https:\/\/www.monzacamper.it\/shop\/categoria-prodotto\/outdoor\/\">OUTDOOR<\/a>, <a href=\"https:\/\/www.monzacamper.it\/shop\/prodotto\/pieghevole-3-in-1-gaia\/\">SGABELLO PIEGHEVOLE 3 IN 1 GAIA<\/a>, <a href=\"https:\/\/www.monzacamper.it\/shop\/prodotto\/mobiletto-azabache-cube\/\">Mobiletto Azabache Cube<\/a>.<\/em><\/p>\n","protected":false},"excerpt":{"rendered":"<p>La poltrona da regista XL Cuba di Soplair, un classico rivisitato!La parola d&#8217;ordine per il design di questa poltrona \u00e8 comfort!Soplair ha scelto un tessuto in rete 3D e poliestere in un elegante colore nero. Questa combinazione tessile offre traspirabilit\u00e0, flessibilit\u00e0 e resistenza.L&#8217;ampio schienale e la seduta con braccioli ergonomici offrono un comfort ottimale.Sar\u00e0 la poltrona perfetta per lunghe discussioni sotto una tenda da sole o intorno ad un tavolo con la famiglia o gli amici.<\/p>\n","protected":false},"featured_media":2696,"template":"","meta":[],"product_brand":[],"product_cat":[41,1670],"product_tag":[],"class_list":{"0":"post-2367","1":"product","2":"type-product","3":"status-publish","4":"has-post-thumbnail","6":"product_cat-outdoor","7":"product_cat-sedie-e-poltrone","8":"product_shipping_class-pacchi-pesanti-piu-2kg","10":"first","11":"instock","12":"taxable","13":"shipping-taxable","14":"purchasable","15":"product-type-simple"},"_links":{"self":[{"href":"https:\/\/www.monzacamper.it\/shop\/wp-json\/wp\/v2\/product\/2367","targetHints":{"allow":["GET"]}}],"collection":[{"href":"https:\/\/www.monzacamper.it\/shop\/wp-json\/wp\/v2\/product"}],"about":[{"href":"https:\/\/www.monzacamper.it\/shop\/wp-json\/wp\/v2\/types\/product"}],"wp:featuredmedia":[{"embeddable":true,"href":"https:\/\/www.monzacamper.it\/shop\/wp-json\/wp\/v2\/media\/2696"}],"wp:attachment":[{"href":"https:\/\/www.monzacamper.it\/shop\/wp-json\/wp\/v2\/media?parent=2367"}],"wp:term":[{"taxonomy":"product_brand","embeddable":true,"href":"https:\/\/www.monzacamper.it\/shop\/wp-json\/wp\/v2\/product_brand?post=2367"},{"taxonomy":"product_cat","embeddable":true,"href":"https:\/\/www.monzacamper.it\/shop\/wp-json\/wp\/v2\/product_cat?post=2367"},{"taxonomy":"product_tag","embeddable":true,"href":"https:\/\/www.monzacamper.it\/shop\/wp-json\/wp\/v2\/product_tag?post=2367"}],"curies":[{"name":"wp","href":"https:\/\/api.w.org\/{rel}","templated":true}]}}