{"id":2220,"date":"2025-07-15T08:28:49","date_gmt":"2025-07-15T08:28:49","guid":{"rendered":"https:\/\/www.monzacamper.it\/shop\/prodotto\/spina-g4-per-lampadina-da-12-volt-7-watt\/"},"modified":"2026-04-04T01:37:49","modified_gmt":"2026-04-04T00:37:49","slug":"spina-g4-per-lampadina-da-12-volt-7-watt","status":"publish","type":"product","link":"https:\/\/www.monzacamper.it\/shop\/prodotto\/spina-g4-per-lampadina-da-12-volt-7-watt\/","title":{"rendered":"Spina G4 per lampadina da 12 Volt 7 watt"},"content":{"rendered":"<p>Tensione: 12 VTipo di connessione: pin G4Uso consigliato: Illuminazione interna per veicoli da diportoDurata: Resistente alle vibrazioni e alle variazioni di temperaturaQuantit\u00e0: Per unit\u00e0 Caratteristiche : <\/p>\n","protected":false},"excerpt":{"rendered":"<p>Introduzione alla lampadina G4 12V con connettoriLa lampadina Picots G4 12V con connettori \u00e8 stata progettata appositamente per soddisfare le esigenze dei veicoli ricreativi, come camper e furgoni. Offre una soluzione di illuminazione affidabile ed efficiente, perfetta per illuminare gli interni in modo luminoso e confortevole.Prestazioni ed efficienza energeticaQuesta lampadina funziona a una tensione di 12 V, adatta agli impianti elettrici dei veicoli ricreazionali, riducendo al minimo il consumo di energia e fornendo al contempo un&#8217;eccellente luminosit\u00e0. Il suo design con connettori G4 assicura una facile installazione e compatibilit\u00e0 con una variet\u00e0 di luci standard per RV.Durata e utilizzoRealizzata con materiali di qualit\u00e0, la lampadina Picots G4 12V \u00e8 durevole e progettata per resistere alle vibrazioni e alle variazioni di temperatura che si incontrano frequentemente durante i viaggi. Ci\u00f2 garantisce una lunga durata e una ridotta necessit\u00e0 di sostituzione, rendendola una scelta economica ed ecologica.<\/p>\n","protected":false},"featured_media":2784,"template":"","meta":[],"product_brand":[],"product_cat":[539],"product_tag":[],"class_list":{"0":"post-2220","1":"product","2":"type-product","3":"status-publish","4":"has-post-thumbnail","6":"product_cat-lampadine-2","8":"first","9":"instock","10":"taxable","11":"shipping-taxable","12":"purchasable","13":"product-type-simple"},"_links":{"self":[{"href":"https:\/\/www.monzacamper.it\/shop\/wp-json\/wp\/v2\/product\/2220","targetHints":{"allow":["GET"]}}],"collection":[{"href":"https:\/\/www.monzacamper.it\/shop\/wp-json\/wp\/v2\/product"}],"about":[{"href":"https:\/\/www.monzacamper.it\/shop\/wp-json\/wp\/v2\/types\/product"}],"wp:featuredmedia":[{"embeddable":true,"href":"https:\/\/www.monzacamper.it\/shop\/wp-json\/wp\/v2\/media\/2784"}],"wp:attachment":[{"href":"https:\/\/www.monzacamper.it\/shop\/wp-json\/wp\/v2\/media?parent=2220"}],"wp:term":[{"taxonomy":"product_brand","embeddable":true,"href":"https:\/\/www.monzacamper.it\/shop\/wp-json\/wp\/v2\/product_brand?post=2220"},{"taxonomy":"product_cat","embeddable":true,"href":"https:\/\/www.monzacamper.it\/shop\/wp-json\/wp\/v2\/product_cat?post=2220"},{"taxonomy":"product_tag","embeddable":true,"href":"https:\/\/www.monzacamper.it\/shop\/wp-json\/wp\/v2\/product_tag?post=2220"}],"curies":[{"name":"wp","href":"https:\/\/api.w.org\/{rel}","templated":true}]}}